 - 2666*a = -23292. What are the prime factors of a?
2, 647
Suppose -o = -5, p - 499 - 13 = -5*o. What are the prime factors of p?
487
Suppose 0*o = o - 4, p + 2*o = 2570. List the prime factors of p.
2, 3, 7, 61
Let l(w) = 12*w + 32. List the prime factors of l(14).
2, 5
Let z = -23 - -224. What are the prime factors of z?
3, 67
Let a(u) = u**3 + 9*u**2 - u - 6. Let m be a(-9). Suppose -33 = -2*n - m. List the prime factors of n.
3, 5
Suppose 3*p = -6 - 6. Let h be 8/p*1210/(-4). List the prime factors of (-1)/4 + h/20.
2, 3, 5
Suppose 3*s + 3*j - 9 = -0*s, -3*s - j = -3. Suppose s*k = k - 4. Suppose -4*l + 82 = 3*u, l + u = -k*l + 97. What are the prime factors of l?
19
Suppose -2768 = 4*x - 2*j - j, -4*j = 0. List the prime factors of x/8*7/(21/(-6)).
173
Let b = -3 + 14. Let f = -9 + b. Suppose f*j - 11 - 3 = 0. What are the prime factors of j?
7
Suppose -g + 3*n - 15 = 4*g, n = 2*g + 6. What are the prime factors of (104/(-16))/(g/18)?
3, 13
Suppose -4*m - 4*c + 1012 = 0, 731 = 3*m - 4*c - 0*c. What are the prime factors of m?
3, 83
Let q = 2920 - 72. What are the prime factors of q?
2, 89
Suppose 3*h = 1953 + 4635. List the prime factors of h.
2, 3, 61
Let a(j) = 67 + 0*j**2 - j**3 - 5*j**2 - 76 - 3*j**2 + 14*j. What are the prime factors of a(-10)?
3, 17
Suppose -10*t + 9294 = -12756. What are the prime factors of t?
3, 5, 7
Let g(k) = -k**2 + 33*k - 31. List the prime factors of g(13).
229
Suppose 0 = -3*g - 7*n + 5*n - 242, -3*g - 257 = -n. Let m = g - -141. What are the prime factors of m?
3, 19
Let m(f) = f + 69. What are the prime factors of m(-14)?
5, 11
Let q = -2499 - -4987. List the prime factors of q.
2, 311
Let z be ((-168)/18 + 6)/((-2)/3). Suppose c - 5*b = 110, 2*c = 3*c + z*b - 60. List the prime factors of c.
5, 17
Let o(n) be the third derivative of n**5/15 - n**4/6 - 5*n**3/6 + 3*n**2. What are the prime factors of o(5)?
3, 5
Let p = 4154 - 2154. What are the prime factors of p?
2, 5
Let i(j) = -2*j**2 - 100*j + 171. List the prime factors of i(-32).
3, 7
Suppose -492 = -15*z + 3873. List the prime factors of z.
3, 97
What are the prime factors of (1335/2)/((-117)/(-78))?
5, 89
List the prime factors of (-10)/15 - (-352)/6.
2, 29
Let o(g) = 40*g. What are the prime factors of o(8)?
2, 5
Let o = -554 - -867. List the prime factors of o.
313
Let o = 434 + -124. List the prime factors of o.
2, 5, 31
What are the prime factors of 4*(7060/10)/(6/3)?
2, 353
Let s = 125 - 28. Suppose -s = -t + 38. List the prime factors of t.
3, 5
Suppose -x - h = 2, 0*x + 5*h + 22 = -x. Let j = -231 - -278. Suppose -u + j = -x. What are the prime factors of u?
2, 5
Let n(c) = -c**3 - 25*c**2 - 27*c + 21. What are the prime factors of n(-25)?
2, 3, 29
Suppose 0 = q - 3 - 0, -5*l - 2*q = -26. Suppose -318 = -l*f + 418. What are the prime factors of f?
2, 23
Let m = -540 - -1005. List the prime factors of m.
3, 5, 31
Suppose -4*f = 5*r - 15283, 4*r - 5*f = 5682 + 6528. What are the prime factors of r?
5, 13, 47
Suppose 2*z = -5*u + 5007, 5*u + 12535 = -0*z + 5*z. List the prime factors of z.
2, 7, 179
Suppose 4*t - 45 = d, d + 3*d + 50 = 3*t. Suppose -t*q - 203 = -3*q. Let p = 0 - q. What are the prime factors of p?
29
Let n = 40 + -67. Let q be (-4)/6 - 64/3. Let g = q - n. What are the prime factors of g?
5
Suppose 7*j - 603 = 1644. What are the prime factors of j?
3, 107
Suppose r - 7*z + 5*z = 348, r - 336 = 5*z. List the prime factors of r.
2, 89
Suppose 4*w - 15 = u, 4 + 31 = 2*w + 5*u. Suppose -w*x - 5*j - 3 = -18, -24 = -4*x - j. Let t = 8 + x. List the prime factors of t.
3, 5
Let t(f) = -1 - 7*f - 3 - 3 + 0. What are the prime factors of t(-14)?
7, 13
Suppose 3*n = l - 0*l - 1244, 6259 = 5*l - 2*n. What are the prime factors of l?
7, 179
Let g(a) be the first derivative of 2*a**2 - 17*a + 9. Let d be g(7). Let c(k) = k**2 - 9*k + 6. What are the prime factors of c(d)?
2, 7
Let z = 2937 - 1765. List the prime factors of z.
2, 293
Let l = -42 - -46. Suppose 0 = -2*u + l*u - 22. What are the prime factors of u?
11
Suppose 0 = -2*a - 4, n + 0*n + 2*a = 178. List the prime factors of n.
2, 7, 13
Suppose -8956 - 11876 = -24*n. List the prime factors of n.
2, 7, 31
Let o(z) = -133*z - 145. What are the prime factors of o(-8)?
919
Suppose 6*v - 2*v = -4*t + 3980, -5*v + 1007 = t. List the prime factors of t.
2, 31
Suppose -5*v = 3*g - g - 12, 0 = 4*v. What are the prime factors of 248/10*2 + g/(-10)?
7
Suppose -24*c + 25*c - 1369 = 0. List the prime factors of c.
37
Suppose 2*q - 3 = -1. Let g = q + 11. List the prime factors of g.
2, 3
Let d(w) = 4*w + 21. Let z be d(-6). Let j = z - -96. What are the prime factors of j?
3, 31
List the prime factors of (-4 + (-43)/(-3))*90.
2, 3, 5, 31
Let t = 721 - 488. Suppose -29 = 4*h - t. Suppose -h = -4*u + 9. List the prime factors of u.
3, 5
Let l(p) = -11*p**3 - 8*p**2 + 2*p + 69. List the prime factors of l(-7).
2, 859
Let l = 56 + -108. Let j = l - -112. Let o = j - 37. What are the prime factors of o?
23
Let x(l) = l + 22. Let n be x(-18). Suppose 12 + n = 2*r. Suppose 0 = -3*m - m + r. What are the prime factors of m?
2
Let o = 44 + -28. Suppose 45 = 15*x - o*x. Let v = -10 - x. What are the prime factors of v?
5, 7
List the prime factors of ((-168)/(-72))/(14/18708).
2, 1559
Suppose 0 = 3*b - b + 6*b. Suppose b = -3*h + 456 - 78. What are the prime factors of h?
2, 3, 7
Suppose 5*m - 4*m + 12 = 5*j, -5*m - j + 18 = 0. What are the prime factors of 6/10*128 - m/(-15)?
7, 11
Suppose -79 = -2*y - 5*m, 0*y + m = 5*y - 265. Suppose y = -7*c + 787. What are the prime factors of c?
3, 5, 7
Suppose d - w = -0*w - 14, -d - 3*w - 6 = 0. Let i be 45 - (-3 + d/(-3)). Let z = i + 8. List the prime factors of z.
2, 13
Let u = 3014 + -630. What are the prime factors of u?
2, 149
Let x = -31 - -36. Suppose 0 = -x*a + 78 + 147. List the prime factors of a.
3, 5
Let c(w) = -w**2 + 12*w - 9. Let q be c(7). Suppose 18*x - q*x = -1808. What are the prime factors of x?
2, 113
Let j = -155 - -67. Let m = -26 - j. What are the prime factors of m?
2, 31
Let i(t) = -t**3 - 7*t**2 - 2*t. Let y(o) = -o**3 - 14*o**2 - 11*o + 19. Let b be y(-13). List the prime factors of i(b).
2, 7
Let v(z) = -z**2 - 6*z - 9. Let b be v(-3). Suppose b = -k + 5*d - 4*d + 235, -2*k + 5*d + 464 = 0. What are the prime factors of k?
3, 79
Let l(w) = -w**3 + 2*w**3 + w**2 - 15 - 32 - w. Let t be l(0). Let q = t - -74. List the prime factors of q.
3
Suppose 2*o - l = 5, -o + 4*l = 4*o - 14. Suppose -b = 5*g - 2*g + 6, -4*b - 4*g = -16. Suppose -o*u - b = -67. List the prime factors of u.
29
Let l(t) = 2*t - 4. Let y be l(3). Let q be (y - 1)*(-6 + 3). Let s = 3 - q. What are the prime factors of s?
2, 3
Let n(m) = -m**3 - 13*m**2 - 20*m + 43. List the prime factors of n(-17).
3, 19
Suppose 2*r + 42 - 7 = 3*v, -4*v = -4*r - 52. Suppose 0*d + 1701 = v*d. What are the prime factors of d?
3, 7
Suppose -7*t + 4*t + 375 = 0. What are the prime factors of t?
5
Suppose -9*v = 3*h - 34347, 5*v - h - 3*h - 19076 = 0. List the prime factors of v.
2, 3, 53
Let h(y) be the third derivative of -13/12*y**4 + 0*y**3 + 0*y + 0 - 3*y**2. What are the prime factors of h(-1)?
2, 13
Let i(w) = -w**3 + 9*w - 7. Let c be i(-6). Suppose -y - 79 = -4*y + 4*t, 5*y = -5*t + c. List the prime factors of y.
29
Let g(p) = p - 10. Let v be g(14). Let y(n) = -n**3 + 5*n**2 + 5*n - 2. What are the prime factors of y(v)?
2, 17
Let g = -10 + -27. Let y = g - -198. List the prime factors of y.
7, 23
Let s = 466 + -175. What are the prime factors of s?
3, 97
Let d(n) = 1405*n**2 - 40*n + 39. What are the prime factors of d(1)?
2, 3, 13
Let n = 24 + -20. Let x(k) = 6*k - k**2 - 21 - n*k**3 + 20 + 5*k**3. List the prime factors of x(4).
71
Let v(a) = -7*a + 17. Let s be v(4). Let x = 133 - s. What are the prime factors of x?
2, 3
Let u(m) = -52*m**3 + m**2 + 2*m + 5. List the prime factors of u(-2).
421
List the prime factors of 4/((-8)/(-10446)) + (147 - 149).
23, 227
Let n(q) = 214*q - 294. List the prime factors of n(17).
2, 11, 19
Suppose 8*n - 1687 = 4265. List the prime factors of n.
2, 3, 31
Let o(s) be the third derivative of -5*s**4/24 - 5*s**3/6 - 3*s**2. List the prime factors of o(-2).
5
Let r be 0*((-4 - -3) + 2). Suppose 4*j - z = 777, 4*j + r*z = -3*z + 789. Suppo